-5 + 7 + 5 + -3?
4
Evaluate (-1 - (2 - 1)) + 20 + -13.
5
Evaluate -3 + (1 - (6 - (1 - -2))).
-5
Evaluate 0 + 6 + 0 - 11.
-5
What is 4 - 6 - (-3 + 1)?
0
Evaluate (4 - (4 - 3)) + 1.
4
(-41 - -31 - (4 - 1)) + 4
-9
Calculate -15 + 2 - -6 - -4.
-3
What is 0 - (-2 - (-2 - (8 - 3)))?
-5
What is -4 - (-10 - -3 - (4 - 8))?
-1
Evaluate (8 - 4) + (3 - 2) + -4.
1
What is the value of 2 - (1 + -9 + 8)?
2
Evaluate 0 - (9 - 16) - 9.
-2
Calculate -45 + 36 + (1 - -4).
-4
Evaluate 14 - 0 - (-230 + 241).
3
Calculate -2 + (-1 - -6) + -5 + 1.
-1
Evaluate -2 - (-7 + 0) - (1 + 1).
3
Calculate -1 - -4 - (11 + -4 + -4).
0
Calculate 7 - (0 + 5) - 4.
-2
Calculate 10 - (9 + (2 - 4)).
3
What is the value of 7 + 8 + -7 - 5?
3
What is the value of -3 - -3 - (-3 - -5)?
-2
Calculate 5 + (-4 + 0 + 8 - 6).
3
What is 7 - 15 - -1 - 1?
-8
(2 - 2) + (11 - 9)
2
(-5 - -4) + 0 + 2
1
What is -11 + (15 - 7) + 6?
3
What is 13 - 19 - (-4 - -7)?
-9
2 + -4 - (2 - -4)
-8
Evaluate -4 + -2 + (10 - 5).
-1
What is 1 + (3 - (6 + (-4 - -1)))?
1
Evaluate 8 + -5 - (-2 - -3).
2
Evaluate (-3 - 0) + 0 - (-70 + 75).
-8
Evaluate 20 + -29 + (7 - -1).
-1
-23 - -24 - (-1 - -1)
1
What is the value of -7 + 7 + -1 - 0?
-1
Evaluate 6 + (-21 + 0 - -10).
-5
Calculate 14 + -4 - 3 - (-1 + 1).
7
What is the value of 1 - (2 - (6 + (0 - 8)))?
-3
What is the value of -3 + (5 + -3 - (-2 + -5))?
6
(-2 - (2 - 0)) + (1 - 2)
-5
What is -4 - -19 - 18 - (0 + 1)?
-4
What is 5 + (-3 - -3 - -2 - 3)?
4
Evaluate -9 - (-2 + -4 + 4).
-7
Evaluate 6 + -1 - (3 + 4 + -2).
0
What is the value of 1 + -1 - (6 - (4 + 6))?
4
What is the value of -10 + 16 + (1 - 3)?
4
What is -1 - (4 - 1) - -3?
-1
Calculate (11 - 16 - 0) + 13.
8
8 - (16 + -2 + 1)
-7
-17 + (6 - (12 - 18))
-5
6 + 2 + -4 - 1 - -3
6
What is the value of 9 - (7 + -8 + 1 + 4)?
5
(2 - 0) + -5 - 0
-3
Calculate 5 + 0 + (11 - (-8 + 22)).
2
What is 1 + (2 - (0 + 1 + 0))?
2
Calculate (-3 - -5) + -3 + (2 - -2).
3
Evaluate -4 - ((-2 - -6) + (-9 - 5)).
6
Calculate (-1 - -3) + (-4 - (4 + -6)).
0
6 + -7 + 5 + -9
-5
What is 2 + (-3 - 4 - (-23 - -11))?
7
Calculate 11 + (-5 - -1) + -64 + 65.
8
What is (-5 - (-2 + 4)) + 7?
0
What is the value of -2 + -5 + 5 + 2 + -1?
-1
What is 7 + -4 + -1 + 0?
2
What is 2 - ((4 - 3 - 2) + 5)?
-2
What is -2 - (1 - -3) - (-55 - -55)?
-6
Calculate 1 + 3 + (1 - -2) + -2.
5
What is the value of 1 - (2 + 9) - -5?
-5
Calculate 7 + 6 + -3 - (6 + -2).
6
Calculate 7 + (-3 - 2) - 5.
-3
Evaluate 3 + -6 + (4 - (0 - 0)).
1
(-1 - -5) + (-5 + 13 - 10)
2
-1 - (-2 + 0 + -3 + 3)
1
What is -1 + (-5 - -3) + 4?
1
What is 5 + (0 + -5 - (15 + -20))?
5
8 + (8 - 11) - 1
4
Evaluate 8 - (0 + 6) - (0 + 3).
-1
Calculate -17 - (-7 + -4) - (0 - 2).
-4
Evaluate 0 + 1 + (4 - 5).
0
Calculate (2 - (1 - 1)) + 8 + -7.
3
6 - 9 - (-6 + -2)
5
What is the value of 1 + (2 - ((6 - 4) + 0))?
1
Evaluate -2 + 2 - 3 - 1.
-4
Evaluate (-2 - (5 - 8)) + 2.
3
1 + (5 - 1) - (-32 - -34)
3
What is 3 - ((-5 - -10) + -6)?
4
Calculate -1 - -8 - 0 - 13.
-6
What is -77 - -67 - (1 + -4)?
-7
Calculate -1 - (2 - (-3 + 4)).
-2
What is the value of (4 - (-6 - -4)) + -3?
3
What is the value of 10 + -7 - (1 - -3)?
-1
0 + -6 - (-17 - -10)
1
What is (-4 - -1) + -1 - -4?
0
What is -6 + 6 + 2 - 7?
-5
2 + 3 + -7 - -6 - 9
-5
What is 4 - (12 - (17 - 10))?
-1
What is the value of 0 + -5 + 3 + -1?
-3
-1 - (-9 - (-4 + -4))
0
What is the value of -3 + 3 - (4 + 1 - 0)?
-5
Evaluate 2 + 1 + 4 + -12.
-5
Evaluate -2 + (5 - (-5 + 5)) - -2.
5
0 + 1 + 5 + -2
4
Calculate (0 - 4) + (-2 + 0 - -1).
-5
What is (5 + -5 - 2) + 0?
-2
-10 + 8 - -4 - (-1 + 1)
2
4 + (-8 - (4 + -9))
1
2 + 3 + -11 - -3
-3
Evaluate 8 - (15 - (-9 + 13)).
-3
-6 - (0 + -1) - (19 - 26)
2
Calculate (1 - 3) + 14 + -11.
1
Evaluate 3 + 8 + 0 + -9.
2
Evaluate -14 + 10 - (3 + -6).
-1
Calculate -5 + -1 + 6 - (-6 - -2).
4
Calculate 54 - 38 - (7 - -1).
8
What is 5 - (-5 - (-13 - 5))?
-8
Evaluate 4 + (4 - (4 + 0 - 1)).
5
Calculate (6 - (2 + 1)) + -1.
2
Evaluate -5 + 0 + 7 + 1.
3
4 + (-4 - -3 - 0) + -1
2
Calculate 13 - 1 - 4 - 7.
1
Calculate 2 - 3 - (1 + 3).
-5
What is (11 - 1) + (-12 - -9)?
7
11 + -10 - (-2 + 3 + 0)
0
Calculate -11 + (-5 - (1 - 10)).
-7
Evaluate 2 - ((-2 - -5) + -6 + 6).
-1
0 + -2 + -1 + 4 + 0
1
Calculate -2 + (0 - 3) - -8.
3
What is 17 - (6 + 6) - (2 + 1)?
2
Evaluate -15 + 23 - (-2 + 2).
8
What is the value of (-1 - 1) + -12 + 14 + -5?
-5
Evaluate 7 - (10 - (7 - 1)).
3
Evaluate -4 - (0 + -10) - 7.
-1
Calculate (-3 - (0 + 0)) + (-1 - -1).
-3
What is the value of -7 + 1 - -2 - (0 + 0)?
-4
What is the value of -5 - 0 - (-13 - -11)?
-3
What is the value of -4 - (7 + -16 - -6)?
-1
What is (3 - 2) + -15 - -8?
-6
Evaluate (-3 + -1 - (-18 - -9)) + -3.
2
-1 + (4 + -1 - (-7 + 14))
-5
Evaluate 1 - 1 - ((2 - -1) + -3).
0
What is -3 - -3 - -5 - 1?
4
Calculate (-526 - -529) + 2 + (-1 - -1).
5
-26 + 30 - (7 + -1 - -1)
-3
Calculate -5 - -3 - -7 - 0.
5
Evaluate (-1 - -4) + (-69 - -75) + 1.
10
What is -1 - -5 - ((4 - 4) + -1)?
5
Evaluate -7 + 4 + -3 + 3.
-3
Evaluate (-12 - -4) + (1 - 0) + 2.
-5
Calculate (1 - 3 - 4) + 4.
-2
Evaluate 2 + (-5 - 7 - -2 - -1).
-7
What is 11 + -4 - (-1 - (-5 - 7))?
-4
Calculate (8 - 4) + -3 - (14 + -6).
-7
What is the value of (12 - 2) + 13 + -18?
5
Calculate 2 + -2 + (-5 - -7).
2
What is the value of -5 + -4 + 8 - -5?
4
What is the value of 25 - 30 - (0 + -2)?
-3
What is the value of 10 + (-2 - 4) + (2 - 4)?
2
Calculate -7 - (-1 + -3) - (1 + -6).
2
Evaluate (6 - (5 - 2)) + -2.
1
Calculate 19 + -20 - (5 - (0 + 1)).
-5
What is 3 - (3 + -6 + (7 - 4))?
3
Evaluate 4 + (-5 - 5) + 1 + 2.
-3
Evaluate -1 + 5 + (3 + -8 - -1).
0
-1 + -3 + (-3 - 0 - -6)
-1
(-3 - (-13 + 0)) + -15
-5
Evaluate 10 - (6 + -5 + -2 + 4).
7
Evaluate 0 - ((-6 - -10) + 0).
-4
Calculate 3 + 3 + -6 + 1 + 5.
6
What is -4 + (0 - (-2 + 3))?
-5
What is 3 + 9 + -8 + (7 - 1)?
10
Evaluate 1 + -3 - -1 - (5 - 1).
-5
Evaluate -1 - (-8 + (1 - 3) + 15).
-6
What is -3 + 1 - (-10 - -7)?
1
Evaluate 15 + -1 + -2 + -7.
5
What is -6 - (3 + -4 + -1)?
-4
Calculate 1 - (5 + (2 - 4)).
-2
0 - 4 - (5 - (18 + -11))
-2
-7 - (-16 - 0) - 12
-3
-2 - (0 + 5) - (23 - 22)
-8
Calculate 0 + 9 + 2 + -6.
5
Calculate -1 - -1 - (-16 + 19).
-3
What is the value of (3 - -1) + -4 + -2?
-2
Evaluate 2 + (-3 - 4 - -3).
-2
-9 + 4 - (-4 + 5 + -4)
-2
1 + -3 - 1 - -11 - 3
5
Evaluate 4 + -12 + 3 + 4 + 0.
-1
1 - -2 - (-17 - -22)
-2
Calculate 6 + (-5 - -2) + -7.
-4
What is the value of (4 - -4) + -4 + 2 + -9?
-3
What is (-12 - -14) + -1 + 1 + 2?
4
What is (4 - 11) + -15 + 27?
5
What is 2 - (-3 + (3 + -1 - -1))?
2
Evaluate (-3 + 12 - 4 - -4) + -4.
5
Evaluate 7 + -2 + 1 - (54 + -50).
2
What is the value of -72 + 66 - (-1 + -11)?
6
What is the value of 0 + -1 - (0 - -4)?
-5
What is -7 + 13 + -7 - -1 - 9?
-9
Calculate (-10 - -20) + 7 + -18.
-1
What is the value of 3 + -3 - (-4 - 1)?
5
Calculate 22 + -32 - (1 - 8).
-3
What is 6 - (1 + 1 + 1) - 3?
0
What is (-5 - -10) + -7 - (-6 + 2)?
2
What is the value of 1 + (3 - (3 + -2))?
3
What is 7 - (3 + -1) - -3 - 3?
5
2 + 1 + 7 + 2 + -15
-3
What is the value of 16 + -21 - ((3 - 1) + -6)?
-1
Evaluate (-5 - -4) + (1 - -3) - -2.
5
What is 7 + -22 - (2 + -14)?
-3
Calculate (-11 - (2 - 5)) + 8 + -3.
-3
(6 - (-3 + 14)) + 9
4
What is 0 - 1 - (-6 + 2 + 1)?
2
Calculate -2 - -1 - (-17 - -14).
2
What is the value of 1 - (4 + 6 + -6 - -5)?
-8
What is the value of -2 - (3 + -5) - 5?
-5
What is the value of 3 + 5 + -4 + -4?
0
What is 1 + 5 + 39 + -36 + -3?
6
What is the value of (2 - -2) + -4 - 1?
-1
What is the value of -5 + 4 - (1 - -1)?
-3
Calculate -4 - (0 + -2 - -3) - -2.
-3
Evaluate 2 + -4 + (-2 - (-5 + 1)).
0
What is 2 + 3 - 0 - 3?
2
What is the value of -5 + 8 + (4 - 14) + 9?
2
What is the value of 1 - (-2 - (-8 - -4 - -4))?
3
Evaluate 1 + -9 - -6 - (-4 + 4).
-2
Calculate (-20 - -21) + (1 - 0).
2
What is the value of 5 + -1 + 55 + -64?
-5
Evaluate -1 + 2 - (1 + -3 + 3).
0
Calculate 0 + -5 + -1 + 1 + 0.
-5
Evaluate 1 + 1 + (4 - 5) - -3.
4
(-2 - (0 + (4 - 1))) + -2
-7
What is the value of 9 - (4 - (1 + 0))?
6
Evaluate (2 - -1) + (2 - (3 - 3)).
5
Evaluate 3 - (-3 - -2) - 3 - 0.
1
Evaluate (-3 - 0) + 9 + -3.
3
5 + -1 - (19 - 11)
-4
Evaluate 17 + 12 + -8 + -15.
6
What is the value of 17 + -21 - (-1 + -3 + -2)?
2
Evaluate 8 + -9 + -8 - -8.
-1
Evaluate -3 + (-2 - 3 - (-4 - 0)).
-4
What is the value of -1 + -4 + -3 + 5 - -4